{"id":13,"date":"2025-05-13T21:05:36","date_gmt":"2025-05-13T19:05:36","guid":{"rendered":"https:\/\/inspiruj.org\/?page_id=13"},"modified":"2025-05-28T14:42:06","modified_gmt":"2025-05-28T12:42:06","slug":"monitoring-wyborczy-2025","status":"publish","type":"page","link":"https:\/\/inspiruj.org\/?page_id=13","title":{"rendered":"Monitoring wyborczy 2025"},"content":{"rendered":"\n<p>Monitoring materia\u0142\u00f3w wyborczych w przestrzeni publicznej w 2025 roku obejmuje miasto S\u0142upsk.<br><br>Tegoroczny monitoring to nie tylko reklamy wyborcze w pasie drogowym, ale r\u00f3wnie\u017c reklamy na mieniu os\u00f3b prawnych (sp\u00f3\u0142ek z ograniczon\u0105 odpowiedzialno\u015bci\u0105, jednostek samorz\u0105du terytorialnego, organizacji pozarz\u0105dowych, sp\u00f3\u0142dzielni mieszkaniowych, itp.). Z wy\u0142\u0105czeniem miejsc wskazanych przez w\u00f3jt\u00f3w, burmistrz\u00f3w, prezydent\u00f3w do bezp\u0142atnego umieszczania urz\u0119dowych obwieszcze\u0144 wyborczych i plakat\u00f3w wszystkich komitet\u00f3w wyborczych <em>(art. 114 ustawy z dnia 5 stycznia 2011 r. \u2014 Kodeks<br>wyborczy).<\/em><\/p>\n\n\n\n<hr class=\"wp-block-separator has-alpha-channel-opacity\"\/>\n\n\n\n<p>Ju\u017c od ponad 11 lat sprawdzamy uczciwo\u015b\u0107 kampanii wyborczej w wymiarze lokalnym. O monitoringach z ubieg\u0142ych lat mo\u017cna poczyta\u0107 m.in. tutaj: <a href=\"https:\/\/inspiruj.org\/?page_id=43\" target=\"_blank\" rel=\"noreferrer noopener\">Wybory PE 2024<\/a>, <a href=\"https:\/\/inspiruj.org\/?page_id=39\" target=\"_blank\" rel=\"noreferrer noopener\">Wybory 2024<\/a>, <a href=\"https:\/\/inspiruj.org\/?page_id=31\" target=\"_blank\" rel=\"noreferrer noopener\">Wybory 2023<\/a>, <a href=\"https:\/\/inspiruj.org\/wp-content\/uploads\/2025\/05\/Spoleczny_Monitoring_Wyborczy_2019_RAPORT.pdf\" target=\"_blank\" rel=\"noreferrer noopener\">Raport z 2019 roku<\/a>, <a href=\"https:\/\/inspiruj.org\/wp-content\/uploads\/2025\/05\/Spoleczny-Monitoring-Wyborczy.pdf\" target=\"_blank\" rel=\"noreferrer noopener\">Raport z 2015 roku<\/a>.<\/p>\n\n\n\n<hr class=\"wp-block-separator has-alpha-channel-opacity\"\/>\n\n\n\n<p><strong>Monitoring w S\u0142upsku:<\/strong><br><strong>1) reklamy wyborcze w pasie drogowym<\/strong> na podstawie wydanych przez Zarz\u0105d Infrastruktury Miejskiej decyzji administracyjnych (wskazane we wniosku \/ zweryfikowane w terenie) :<\/p>\n\n\n\n<figure class=\"wp-block-table is-style-stripes\"><table><thead><tr><th><strong>Lokalizacje<\/strong><\/th><th><strong>Adrian <br>Zandberg<\/strong><\/th><\/tr><\/thead><tbody><tr><td>Garncarska<\/td><td>1\/1<\/td><\/tr><tr><td>Lutos\u0142awskiego<\/td><td>1\/1<\/td><\/tr><tr><td>Westerplatte<\/td><td>1\/1<\/td><\/tr><tr><td>Zamkowa<\/td><td>1\/1<\/td><\/tr><\/tbody><tfoot><tr><td>Aktualizacja: 13.05.2025 godz. 20:54<\/td><td><\/td><\/tr><\/tfoot><\/table><\/figure>\n\n\n\n<p><strong>Wymiary, termin:<\/strong><\/p>\n\n\n\n<figure class=\"wp-block-table is-style-stripes\"><table class=\"has-fixed-layout\"><tbody><tr><td><strong>Kandydat<\/strong><\/td><td><strong>Termin<\/strong><\/td><td><strong>Deklarowany<br>rozmiar<\/strong><\/td><td><strong>Rzeczywisty<br>rozmiar<\/strong><\/td><\/tr><tr><td>Adrian Zandberg<\/td><td>1.05 &#8211; 19.05.2025<\/td><td>2m x 1m<\/td><td>2m x 1m<\/td><\/tr><\/tbody><\/table><\/figure>\n\n\n\n<p><\/p>\n\n\n\n<p><strong>2) Stwierdzone nielegalne no\u015bniki:<\/strong><br>1) Grzegorz Braun, 11 baner\u00f3w, w okresie: 08.05.2025 \u2013 Wolno\u015bci (1), 12.05.2025 \u2013 Witkacego\/Przemys\u0142owa (1), Kniaziewicza\/Bohater\u00f3w Westerplatte (1), \u0141ajming (1), Most Kowalski jeden baner (1), 13.05.2025 &#8211;  \u0141ajming (1), Most Kowalski (1), Most Kili\u0144skiego (1), Most Grosza (1), Most ko\u0142o Baszty Czarownic(1), Garncarska most&nbsp;(1)<\/p>\n\n\n\n<p><strong>3) Korzy\u015bci maj\u0105tkowe niepieni\u0119\u017cne, bezp\u0142atne reklamy umieszczane przez osoby prawne:<\/strong> (w trakcie)<\/p>\n\n\n\n<hr class=\"wp-block-separator has-alpha-channel-opacity\"\/>\n\n\n\n<p><strong>Podstawy prawne monitoringu<\/strong> \u2013 ustawa z dnia 5 stycznia 2011 r. \u2014 Kodeks wyborczy<\/p>\n\n\n\n<p><strong><em>Art. 108 [Zakaz agitacji]<\/em><\/strong><em><br>\u00a7 1. Zabrania si\u0119 prowadzenia agitacji wyborczej:<br>1) na terenie urz\u0119d\u00f3w administracji rz\u0105dowej i administracji samorz\u0105du terytorialnego oraz s\u0105d\u00f3w;<br>2) na terenie zak\u0142ad\u00f3w pracy w spos\u00f3b i formach zak\u0142\u00f3caj\u0105cych normalne funkcjonowanie;<br>3) na terenie jednostek wojskowych i innych jednostek organizacyjnych podleg\u0142ych Ministrowi Obrony Narodowej oraz oddzia\u0142\u00f3w obrony cywilnej, a tak\u017ce skoszarowanych jednostek podleg\u0142ych ministrowi w\u0142a\u015bciwemu do spraw wewn\u0119trznych.<br>\u00a7 2. Zabroniona jest agitacja wyborcza na terenie szk\u00f3\u0142 wobec uczni\u00f3w.<\/em><\/p>\n\n\n\n<p><strong><em>Art. 110 [Umieszczanie plakat\u00f3w i hase\u0142]<\/em><\/strong><em><br>\u00a7 1. Na \u015bcianach budynk\u00f3w, przystankach komunikacji publicznej, tablicach i s\u0142upach og\u0142oszeniowych, ogrodzeniach, latarniach, urz\u0105dzeniach energetycznych, telekomunikacyjnych i innych mo\u017cna umieszcza\u0107 plakaty i has\u0142a wyborcze wy\u0142\u0105cznie po uzyskaniu zgody w\u0142a\u015bciciela lub zarz\u0105dcy nieruchomo\u015bci, obiektu albo urz\u0105dzenia.<br>\u00a7 2. Przy ustawianiu w\u0142asnych urz\u0105dze\u0144 og\u0142oszeniowych w celu prowadzenia kampanii wyborczej nale\u017cy stosowa\u0107 obowi\u0105zuj\u0105ce przepisy porz\u0105dkowe. Przepis art. 109 stosuje si\u0119 odpowiednio.<br>\u00a7 3. Plakaty i has\u0142a wyborcze nale\u017cy umieszcza\u0107 w taki spos\u00f3b, aby mo\u017cna je by\u0142o usun\u0105\u0107 bez powodowania szk\u00f3d.<br>\u00a7 5. Policja lub stra\u017c gminna jest obowi\u0105zana usuwa\u0107 na koszt komitet\u00f3w wyborczych plakaty i has\u0142a wyborcze, kt\u00f3rych spos\u00f3b umieszczenia mo\u017ce zagra\u017ca\u0107 \u017cyciu lub zdrowiu ludzi albo bezpiecze\u0144stwu mienia b\u0105d\u017a bezpiecze\u0144stwu w ruchu drogowym.<br>\u00a7 6. Plakaty i has\u0142a wyborcze oraz urz\u0105dzenia og\u0142oszeniowe ustawione w celu prowadzenia agitacji wyborczej pe\u0142nomocnicy wyborczy obowi\u0105zani s\u0105 usun\u0105\u0107 w terminie 30 dni po dniu wybor\u00f3w.<br>\u00a7 6a. Obowi\u0105zek, o kt\u00f3rym mowa w \u00a7 6, nie dotyczy sytuacji, w kt\u00f3rej plakaty i has\u0142a wyborcze oraz urz\u0105dzenia og\u0142oszeniowe ustawione w celu prowadzenia agitacji wyborczej znajduj\u0105 si\u0119 na nieruchomo\u015bciach, obiektach lub urz\u0105dzeniach nieb\u0119d\u0105cych w\u0142asno\u015bci\u0105 Skarbu Pa\u0144stwa, pa\u0144stwowych os\u00f3b prawnych, jednostek samorz\u0105du terytorialnego, ich zwi\u0105zk\u00f3w lub stowarzysze\u0144, komunalnych os\u00f3b prawnych oraz sp\u00f3\u0142ek, w kt\u00f3rych wi\u0119kszo\u015b\u0107 akcji lub udzia\u0142\u00f3w ma Skarb Pa\u0144stwa, jednostki samorz\u0105du terytorialnego lub ich zwi\u0105zki, oraz fundacji utworzonych przez organy w\u0142adzy publicznej, a pozostawienie plakat\u00f3w i hase\u0142 wyborczych oraz urz\u0105dze\u0144 og\u0142oszeniowych po up\u0142ywie terminu, o kt\u00f3rym mowa w \u00a7 6, nast\u0105pi za zgod\u0105 w\u0142a\u015bciciela.<br>\u00a7 7. W\u00f3jt postanawia o usuni\u0119ciu plakat\u00f3w i hase\u0142 wyborczych oraz urz\u0105dze\u0144 og\u0142oszeniowych nieusuni\u0119tych przez obowi\u0105zanych do tego pe\u0142nomocnik\u00f3w wyborczych w terminie, o kt\u00f3rym mowa w \u00a7 6. Koszty usuni\u0119cia ponosz\u0105 obowi\u0105zani.<\/em><\/p>\n\n\n\n<p><strong><em>Art. 132 [\u0179r\u00f3d\u0142a finansowania]<\/em><\/strong><em><br>\u00a7 5. Komitetom wyborczym nie wolno przyjmowa\u0107 korzy\u015bci maj\u0105tkowych o charakterze niepieni\u0119\u017cnym, z wyj\u0105tkiem:<\/em><br><em>1) nieodp\u0142atnego rozpowszechniania plakat\u00f3w i ulotek wyborczych przez osoby fizyczne;<\/em><br><em>2) pomocy w pracach biurowych udzielanej przez osoby fizyczne;<\/em><br><em>3) wykorzystania przedmiot\u00f3w i urz\u0105dze\u0144, w tym pojazd\u00f3w mechanicznych, udost\u0119pnianych nieodp\u0142atnie przez osoby fizyczne;<\/em><br><em>4) nieodp\u0142atnego udost\u0119pniania miejsc do ekspozycji materia\u0142\u00f3w wyborczych przez osoby fizyczne nieprowadz\u0105ce dzia\u0142alno\u015bci gospodarczej w zakresie reklamy.<\/em><\/p>\n\n\n\n<p><\/p>\n","protected":false},"excerpt":{"rendered":"<p>Monitoring materia\u0142\u00f3w wyborczych w przestrzeni publicznej w 2025 roku obejmuje miasto S\u0142upsk. Tegoroczny monitoring to nie tylko reklamy wyborcze w [&hellip;]<\/p>\n","protected":false},"author":2,"featured_media":0,"parent":0,"menu_order":0,"comment_status":"closed","ping_status":"closed","template":"","meta":{"site-sidebar-layout":"default","site-content-layout":"","ast-site-content-layout":"default","site-content-style":"default","site-sidebar-style":"default","ast-global-header-display":"","ast-banner-title-visibility":"","ast-main-header-display":"","ast-hfb-above-header-display":"","ast-hfb-below-header-display":"","ast-hfb-mobile-header-display":"","site-post-title":"","ast-breadcrumbs-content":"","ast-featured-img":"","footer-sml-layout":"","theme-transparent-header-meta":"","adv-header-id-meta":"","stick-header-meta":"","header-above-stick-meta":"","header-main-stick-meta":"","header-below-stick-meta":"","astra-migrate-meta-layouts":"default","ast-page-background-enabled":"default","ast-page-background-meta":{"desktop":{"background-color":"var(--ast-global-color-5)","background-image":"","background-repeat":"repeat","background-position":"center center","background-size":"auto","background-attachment":"scroll","background-type":"","background-media":"","overlay-type":"","overlay-color":"","overlay-opacity":"","overlay-gradient":""},"tablet":{"background-color":"","background-image":"","background-repeat":"repeat","background-position":"center center","background-size":"auto","background-attachment":"scroll","background-type":"","background-media":"","overlay-type":"","overlay-color":"","overlay-opacity":"","overlay-gradient":""},"mobile":{"background-color":"","background-image":"","background-repeat":"repeat","background-position":"center center","background-size":"auto","background-attachment":"scroll","background-type":"","background-media":"","overlay-type":"","overlay-color":"","overlay-opacity":"","overlay-gradient":""}},"ast-content-background-meta":{"desktop":{"background-color":"var(--ast-global-color-4)","background-image":"","background-repeat":"repeat","background-position":"center center","background-size":"auto","background-attachment":"scroll","background-type":"","background-media":"","overlay-type":"","overlay-color":"","overlay-opacity":"","overlay-gradient":""},"tablet":{"background-color":"var(--ast-global-color-4)","background-image":"","background-repeat":"repeat","background-position":"center center","background-size":"auto","background-attachment":"scroll","background-type":"","background-media":"","overlay-type":"","overlay-color":"","overlay-opacity":"","overlay-gradient":""},"mobile":{"background-color":"var(--ast-global-color-4)","background-image":"","background-repeat":"repeat","background-position":"center center","background-size":"auto","background-attachment":"scroll","background-type":"","background-media":"","overlay-type":"","overlay-color":"","overlay-opacity":"","overlay-gradient":""}},"footnotes":""},"class_list":["post-13","page","type-page","status-publish","hentry"],"_links":{"self":[{"href":"https:\/\/inspiruj.org\/index.php?rest_route=\/wp\/v2\/pages\/13","targetHints":{"allow":["GET"]}}],"collection":[{"href":"https:\/\/inspiruj.org\/index.php?rest_route=\/wp\/v2\/pages"}],"about":[{"href":"https:\/\/inspiruj.org\/index.php?rest_route=\/wp\/v2\/types\/page"}],"author":[{"embeddable":true,"href":"https:\/\/inspiruj.org\/index.php?rest_route=\/wp\/v2\/users\/2"}],"replies":[{"embeddable":true,"href":"https:\/\/inspiruj.org\/index.php?rest_route=%2Fwp%2Fv2%2Fcomments&post=13"}],"version-history":[{"count":6,"href":"https:\/\/inspiruj.org\/index.php?rest_route=\/wp\/v2\/pages\/13\/revisions"}],"predecessor-version":[{"id":48,"href":"https:\/\/inspiruj.org\/index.php?rest_route=\/wp\/v2\/pages\/13\/revisions\/48"}],"wp:attachment":[{"href":"https:\/\/inspiruj.org\/index.php?rest_route=%2Fwp%2Fv2%2Fmedia&parent=13"}],"curies":[{"name":"wp","href":"https:\/\/api.w.org\/{rel}","templated":true}]}}